 + (-145)/(-58). Suppose y + 97 = t*c, 2*c + y = 3*y + 44. Calculate the remainder when c is divided by 14.
11
Calculate the remainder when ((-3480)/96 + 8)/(2/(-64)) is divided by 11.
2
Suppose -86*c = 3*l - 91*c - 171, -l + 56 = -2*c. Calculate the remainder when 835 is divided by l.
29
Let m(c) = 11*c + 996. Let h = -18 + 35. Calculate the remainder when m(-80) is divided by h.
14
Suppose 5*x + 5*q = 6*q - 155, -3*q = -4*x - 113. Calculate the remainder when (-2)/x - (-44113)/496 is divided by 25.
14
Let y = -4995 + 6533. Calculate the remainder when y is divided by 44.
42
Let l = 7296 - 5529. What is the remainder when l is divided by 42?
3
Suppose -2*n + 4*d = 158, 2*n = 6*n + 2*d + 336. Let b = n + 105. Suppose -z - 12 = -3*z. What is the remainder when b is divided by z?
4
Let i = 12951 - 7371. Suppose -6*t + i = 6*t. Suppose -d + 385 = 4*j, -j + t = 4*j - 2*d. What is the remainder when j is divided by 14?
11
Suppose j - 24*i + 28*i = 1205, 0 = 3*j - 5*i - 3717. What is the remainder when j is divided by 65?
59
Let j(t) = 4*t**2 + 5*t - 65. What is the remainder when j(14) is divided by 251?
36
Suppose 4*c - 2845 = 199*a - 196*a, -4*c + 2848 = -4*a. What is the remainder when c is divided by 181?
166
Suppose 3*d = 7*d - 3*p + 6, -5*p = -4*d - 10. Suppose r + r + 72 = d. Calculate the remainder when 49 is divided by 20/6 + 12/r.
1
Let f = 77 - 197. What is the remainder when ((-2)/(-1))/((-16)/f) is divided by 6?
3
Let m = -4961 + 5623. Calculate the remainder when m is divided by 29.
24
Let x(u) = 57*u**2 + 11*u + 12. What is the remainder when x(-3) is divided by 104?
76
Let o(g) = -86*g + 114*g - 8 - 29. What is the remainder when o(5) is divided by 18?
13
Calculate the remainder when 1321 is divided by -6 + (-23 - -352) + -4.
45
Calculate the remainder when 2061 is divided by (-5 + 2)/(-3)*((-920)/4)/(-10).
14
Suppose -t - 917 = -4*n + 360, 2*n = -5*t - 6407. Let l = 1289 + t. Calculate the remainder when (-2290)/(-18) + (-4)/18 is divided by l.
7
Let x(f) = 235*f + 5. Let t be x(-3). Let k be t/49 - 4/(-14). What is the remainder when -2 + (-32)/k + (-278)/(-7) is divided by 15?
10
Suppose -20*k + 5*k = 23*k - 3192. What is the remainder when k is divided by 65?
19
Let t(x) = x**3 - 40*x**2 - 4*x - 91. Let c be t(40). Let s = c + 357. What is the remainder when s is divided by 36?
34
Calculate the remainder when 7308/18*(4/(-10) - 57/(-30)) is divided by 13.
11
Suppose 0*y - 6 = -2*y. Let c(b) = -b**3 + b**2 + 5*b + 7. Calculate the remainder when ((-3836)/137)/(2/6 + -1) is divided by c(y).
2
Let m = -278 + 272. What is the remainder when (4/m)/((-1)/141) is divided by 32?
30
Let u(v) = 21*v - 60. Let b be u(4). Suppose 33*h - 37*h = -b. What is the remainder when 148 is divided by h?
4
Suppose 921*r - 36 = 917*r. Let s = -201 + 313. Calculate the remainder when s is divided by r.
4
Suppose -30*i - 4*c = -32*i + 6, 3*c = -i + 23. What is the remainder when 511 is divided by i?
5
Let x = -428 + 444. Calculate the remainder when 11263 is divided by x.
15
Suppose 199*j + 8917 = -11*j + 77377. Calculate the remainder when 983 is divided by j.
5
Let u = 2441 - 2377. What is the remainder when 1726 is divided by u?
62
Suppose 2*z - 186*i - 233 = -187*i, -i = 1. What is the remainder when 400 is divided by z?
49
Suppose -11*o = -2*o + 14*o - 644. Let j = 781 - 543. Let w = -157 + j. Calculate the remainder when w is divided by o.
25
Let d(p) = p**3 + p**2 - 4*p + 24. Let n be d(7). Let m = n - 372. What is the remainder when (-472)/(-5) - (-4)/(-10) is divided by m?
14
Suppose 4*c - 5*s - 530 + 113 = 0, -3*c = -2*s - 311. Let p = 93 + -36. Suppose -3 - p = -4*w. Calculate the remainder when c is divided by w.
13
Suppose 2*a + 3 = 5, 4*g + 2*a - 318 = 0. Suppose 11*o - 8*o + 210 = 3*s, 4*o + g = s. Calculate the remainder when s is divided by 12.
7
Suppose -10*u - 1232 = 4*t - 12*u, -299 = t - 5*u. Let c = t - -504. What is the remainder when c is divided by 25?
20
Suppose -95*k + 104*k - 27 = 0. Suppose -k*m = 164 - 794. Calculate the remainder when m is divided by 75.
60
Let m = -40 - -45. What is the remainder when m/(20/36)*1 is divided by (-1 - 12/(-5))*5?
2
Suppose 4*n = -2*s - 21 + 65, 3*s + 4 = n. Suppose 0 = -n*u + 6*u + 44. What is the remainder when u is divided by (-150)/(-24) + (-1)/4?
5
Let w = 30 - 25. Suppose 0*h = h + c + 7, -w*c = 4*h + 29. Let i(k) = 2*k**3 + 12*k**2 - k + 6. Calculate the remainder when i(h) is divided by 4.
0
Suppose -2*d - 4*y + 128 = -0*y, 4*y = -20. Suppose -72 = -2*t + d. Calculate the remainder when t is divided by 38.
35
Let v(q) = q**3 + 32*q**2 - 33*q - 10. Let k be v(-33). What is the remainder when (-12)/k*(32/6 - 2) is divided by 1?
0
Suppose -4*w + 3 = 31*d - 30*d, 5*w = -2*d + 6. Suppose 0 = -d*u - 3*i + 142 - 10, 4*i = u - 19. Calculate the remainder when 114 is divided by u.
36
Let w = -575 - -934. Let o = -351 + w. What is the remainder when 45 is divided by o?
5
Let d(s) = 2*s - 22. Let b be d(13). Suppose 4*o - 8*o + 229 = 3*c, b*c - 5*o - 295 = 0. What is the remainder when c is divided by 7?
5
Suppose -a = 5 - 10. Let z(t) = 4*t**3 + t**2 - 2*t + 1. Let n be z(a). What is the remainder when 3/5 - n/(-15) is divided by 12?
11
Let d = -357 + 361. Calculate the remainder when 209 is divided by (d - -2)*-35*(-7)/70.
20
Suppose -3*j + 7 = t, -5*t - 21*j = -25*j - 130. What is the remainder when 275 is divided by t?
11
Let m(r) = -r**2 - 199*r - 2059. Let k(j) = j**3 - 7*j**2 + 7*j - 6. Let u be k(5). Let z = 38 + u. Calculate the remainder when z is divided by m(-11).
8
Suppose -5*n + 5*s + 490 = 0, s = 5*n - 524 - 2. What is the remainder when n is divided by 66?
41
Calculate the remainder when 16/(-128)*14 + (-111548)/(-16) is divided by 31.
26
Let b = -12766 + 12820. What is the remainder when 3722 is divided by b?
50
Suppose 0 = 2*u - 4*u. Let z(g) = -g**2 + g + 34. Let b(r) = -65*r + 325. What is the remainder when b(3) is divided by z(u)?
28
Let j(k) = 7*k**2 - 38*k - 239. Calculate the remainder when j(-7) is divided by 9.
1
What is the remainder when 256*((-2)/((-40)/(-75)) - (2 - 6)) is divided by (-133)/(-4) - (-2)/(-8)?
31
Let o(j) = 12*j - 43 + 12*j - 10*j - 45. Calculate the remainder when o(9) is divided by 14.
10
Suppose -21*n + 21443 = -97375. Calculate the remainder when n is divided by 111.
108
Let w = 516 + -521. What is the remainder when 49 + (5 - 2) + 10/w is divided by 3 - 1 - 0 - -12?
8
Let n be ((-1870)/(-51))/(1/(-3)). Let q = 126 + n. Calculate the remainder when 79 is divided by q.
15
Let k(n) = 193*n - 16755. Let s(j) = 5*j**3 - 3*j**2 - 5*j + 3. What is the remainder when s(3) is divided by k(87)?
24
Let i = -6564 - -6645. What is the remainder when i is divided by 47?
34
Let s be (-9 + 24/3)/(1/(-3)). Suppose 4*d - 415 = -p, -d = s*d - p - 409. What is the remainder when d is divided by 14?
5
Let h = -28 + 64. Calculate the remainder when 15/(-6)*h/(-10) is divided by 5.
4
Calculate the remainder when 810 is divided by (5544/(-27))/(-7)*3 + (1 - 9).
10
Let s = 29910 + -28406. Calculate the remainder when s is divided by 43.
42
Calculate the remainder when 1864 is divided by 12/(-42) + 23/7 + (-10192)/(-196).
49
Let g = 160 + -161. What is the remainder when 96/6 + g + 0 is divided by 11 - (3/(-3))/((-1)/(-1))?
3
Calculate the remainder when 519 is divided by 0 + -1 + 4*1 - (-1148)/41.
23
Suppose -15 = -l - 2. Let f be 2 - (-8)/(5 - 1). Suppose 5*g - f*t - l = 112, -24 = -g + t. Calculate the remainder when 110 is divided by g.
23
Suppose 0 = 2*d + 4*n - 7*n - 334, d - 176 = -3*n. Suppose 0*y - y = 4*o + 4, -2*o - 26 = -y. Calculate the remainder when y is divided by d/18 - 8/18.
7
Let a(d) = d**3 + 11*d**2 + 8*d - 4. What is the remainder when (-4 - -9)*15 - -2 is divided by a(-10)?
13
Let b = 140 + -136. Suppose -3*j + 8*m - 11*m + 48 = 0, -m - 69 = -b*j. Calculate the remainder when 44 is divided by j.
10
Suppose 0 = -5*p + 11 - 6. Suppose 0 = -4*o - 3*v - 13, 3*o - p = 4*v - 17. Let y = 70 + o. What is the remainder when y is divided by 17?
15
Suppose 0 = -c - 6, -3*k - 38*c = -34*c - 606. What is the remainder when k is divided by 22?
12
Let q(u) = u - 8. Let r be q(11). Let c be 3 - (-3 + (r - 2)) - 1. Calculate the remainder when 9 is divided by